- 6 - 6 = 0. Let d(k) = -22*k - 1. Let y be d(h). What is the highest common factor of 26 and y?
13
Let r be -1 + 40 + -3 + 4. What is the greatest common divisor of r and 8?
8
Let q be (-4 - -1)*78/(-9). Let p be 3 + -1 + q/1. What is the highest common factor of p and 4?
4
Let j = 11 + -17. Let t(o) = o**2 + 5*o + 3. Let k be t(j). Calculate the greatest common divisor of k and 27.
9
Let m = 33 - 19. Suppose m = 2*a - a. Let b(i) = -153*i**3 - 2*i - 1. Let w be b(-1). What is the greatest common factor of w and a?
14
Let g = -49 - -34. Let k be (1 - (-26)/(-3))*3. Let i = g - k. What is the greatest common divisor of i and 4?
4
Let f(v) = v**2 - v + 2. Let t be f(3). Suppose -4*r + t = -0. What is the greatest common divisor of r and 16?
2
Suppose -2*n - 2*x + 16 = 0, -x = 3*n - 24 - 8. Suppose n = 4*q - 4*t, 4*q - 9 - 3 = 3*t. What is the highest common factor of 15 and q?
3
Suppose o - 10 = -1. Calculate the highest common divisor of o and 81.
9
Suppose -b = 3*b. Let s be -14*(-1)/2 + b. Calculate the greatest common divisor of 1 and s.
1
Let w = 1 - -31. Calculate the highest common factor of 160 and w.
32
Suppose -917 = -15*m - 332. Let f(a) = 26*a**3. Let p be f(1). What is the highest common divisor of m and p?
13
Let k(j) = 19*j**2 + 2*j + 3. Let i be k(-2). Suppose -2*c - 3*c = -i. Calculate the greatest common divisor of c and 10.
5
Let x(u) = -9*u**2 - 26*u + 25. Let g(q) = -4*q**2 - 13*q + 12. Let z(j) = 7*g(j) - 3*x(j). Let k be z(-13). What is the greatest common divisor of 81 and k?
9
Let v be 18/(-81) + (-249)/(-27) + 1. Calculate the greatest common divisor of v and 20.
10
Let b(c) = -c**3 + 6*c**2 - 2*c + 4. Let m be b(6). Let f be m*(100/(-8))/5. What is the greatest common divisor of 4 and f?
4
Suppose -p + 3 = 0, -5*p = 4*h - 21 - 10. Let o be (22/(-55))/((-2)/1760). Suppose 0*i - o = -h*i. Calculate the greatest common factor of i and 11.
11
Let x = 264 - 144. Calculate the greatest common factor of 24 and x.
24
Suppose 0*g = 2*g - 250. Suppose -5*y - 50 + g = 0. What is the greatest common divisor of y and 6?
3
Suppose 3*i = 650 + 337. Suppose -4*w + 7 = -i. What is the highest common factor of 12 and w?
12
Let m(j) = -j**2 - 5*j + 1. Let a be m(-4). Suppose -a*z + 3*z = -18. What is the greatest common divisor of 3 and z?
3
Let t be -3*3/(-12 - -3). What is the greatest common divisor of 1 and t?
1
Let p be 3/2*8/6. Suppose -1 = a + 1. Let q be 1/(((-2)/a)/p). Calculate the highest common factor of 2 and q.
2
Suppose 0 = -4*b - b + 180. Let a = -76 + b. Let r = -28 - a. Calculate the highest common factor of 96 and r.
12
Let f be 4/10 + 878/5. Suppose -99 = -2*h - 3. Suppose s = -2*s + h. What is the highest common divisor of s and f?
16
Let k(a) = -a**2 - 11*a + 8. Let w(h) = -5*h - 3*h - 4 + 2 + h**2. Let d be w(7). Let q be k(d). Calculate the highest common divisor of q and 65.
13
Suppose 0*h - 2*x = -4*h + 22, -5*h + 2*x + 25 = 0. Let m be 2/h + (-14)/(-6). Let z be ((-1)/(m/(-39)))/1. What is the highest common factor of z and 143?
13
Let f(q) = -q**3 + 8*q**2 - 8*q + 2. Let d be f(7). Let b = d + 6. Calculate the greatest common divisor of 9 and b.
1
Let l = -1 + 3. Suppose -a - 5*d = 22, l = -a + d - 2*d. Calculate the greatest common factor of 24 and a.
3
Let s = -12 + 6. Let u(t) = t + 9. Let r be u(s). Suppose -2*p = p - 36. Calculate the highest common divisor of r and p.
3
Suppose 0*f - f + 10 = 0. Calculate the greatest common factor of 4 and f.
2
Let p be (15/12)/((-4)/(-16)). Suppose j + p*b = 9 + 16, -3*b = 12. What is the highest common factor of j and 5?
5
Let f = -3 - -3. Suppose f = -5*b - 42 + 267. Calculate the greatest common factor of b and 30.
15
Let x be 36/(-8)*30/(-9). Calculate the greatest common divisor of 3 and x.
3
Let b be (2 + -22 + 0)/1. Let q be (0 + -5)*(-24)/b. Let p = q - -12. What is the greatest common factor of 42 and p?
6
Let u(v) = -v - 2. Let b be u(-8). Suppose b = -t + 48. What is the highest common divisor of 28 and t?
14
Suppose 0 = 5*o - 4*o - 2*p - 315, 0 = -5*o + 5*p + 1560. Let n = 449 - o. Calculate the highest common divisor of n and 20.
20
Let z = -24 - -10. Let c be ((-6)/5)/(z/35). Suppose -5*u - 5*f + 44 = -3*f, -9 = c*f. What is the highest common factor of 5 and u?
5
Let i(q) = -2*q**2 - 36*q + 8. Let t be i(-18). Calculate the greatest common divisor of 40 and t.
8
Suppose -2*g + 7*g = 20. Suppose 0*n - 24 = -g*n. Let c = -7 + 13. Calculate the greatest common divisor of c and n.
6
Suppose 0*o = -5*b - 3*o + 31, -b + o = -3. Suppose 0 = b*r - 57 + 17. Let d be (r/10)/((-6)/(-330)). Calculate the greatest common divisor of 11 and d.
11
Let a(y) = -y**2 + 22*y + 5. Let r be a(15). What is the greatest common factor of r and 10?
10
Suppose -3*t - 20 + 272 = 0. Let x be ((-30)/(-4))/5*2. Let y be 3*4/3*x. What is the highest common factor of t and y?
12
Suppose 0 = -3*z - 2*z + 40. Let g(y) = -y + 7. Let b be g(-6). Let f = b - 1. What is the greatest common divisor of f and z?
4
Suppose 6*v - 2*v - 8 = 0. Suppose m - 16 = -v*t, -4*m - 39 = -5*t + 1. Calculate the highest common divisor of t and 32.
8
Suppose 0 = -h + 82 + 11. Calculate the greatest common divisor of h and 62.
31
Suppose -q = -4 - 7. What is the greatest common divisor of q and 121?
11
Suppose -96 = 5*l - 4*n - 0*n, -5*n = -4*l - 75. Let j be 5/l + 34/8. What is the greatest common divisor of 10 and j?
2
Suppose 0 = -3*q + 80 + 76. Let x = -113 + 118. Suppose -b = z - 5*z + 284, -z = -x*b - q. Calculate the highest common divisor of z and 8.
8
Let z(y) = y + 60. Let a be (2 + -2)/(2 - 1). Let q be z(a). Let n = 77 - 37. Calculate the greatest common divisor of q and n.
20
Suppose -55 = -c - 4*c. Suppose -10 = -3*s + s. Suppose -7 = s*m - 62. What is the greatest common divisor of m and c?
11
Let m be ((-1)/3)/(37/(-333)). Let y be ((-2)/(-1))/2 + 5. What is the greatest common divisor of y and m?
3
Let g(y) = -y + 5. Let a be g(3). Suppose m - a = 1. What is the highest common divisor of 1 and m?
1
Suppose 0 = 2*m - 22 - 14. Suppose -2*l = 2*l - 24. What is the highest common divisor of l and m?
6
Let l be (-6)/12*1/((-3)/6). What is the greatest common divisor of 2 and l?
1
Suppose -140 = -5*j + j. Suppose -3*z - j = -8*z. Suppose -36 = -2*c - 3*u, -3*u - u = 8. What is the greatest common divisor of z and c?
7
Let y(d) = -2*d + 18. Let v be y(6). Calculate the greatest common divisor of v and 42.
6
Let w(s) = s**3 - 5*s**2 - 4*s - 4. Let j = 17 - 11. Let h be w(j). What is the highest common divisor of h and 16?
8
Let m(y) = -15*y - 6. Let c = -29 + 19. Let s be m(c). Let z(d) = 17*d**2 + d. Let p be z(-1). Calculate the highest common factor of s and p.
16
Let m(r) = -r + 2. Let y be m(6). Let p be (-16)/(-28)*(-14)/y. Suppose 0*f = -p*f - 4*v + 34, 4*f - 47 = -v. What is the highest common divisor of f and 77?
11
Let h(x) = 2*x + 8. Let b be h(-6). Let u(z) = 7*z**2 - 3*z - 4. Let r be u(b). Let t be (0 + -45)*4/(-12). What is the highest common factor of t and r?
15
Let y(f) = -f - 12. Let s be y(-8). Let l be s/(-18) - 61/(-9). What is the highest common factor of l and 1?
1
Suppose -15*y + 14*y + 90 = 0. What is the greatest common factor of 36 and y?
18
Suppose -4*d + 84 = 4*l, d - 3*l + 111 = 6*d. What is the highest common divisor of d and 12?
12
Suppose -4*g + 0*g - 5*s = -15, -2*s = 3*g - 20. What is the highest common divisor of g and 4?
2
Suppose 2*o - 2 = -4*l + 44, -37 = -3*l - 2*o. Suppose 4*i = l - 1. Let b be i/((-1)/1) - -123. Calculate the greatest common factor of b and 11.
11
Let d(c) = 3*c + 1. Let p be d(1). Suppose 0*g - 28 = -p*g. What is the highest common factor of g and 28?
7
Let s(v) = v**3 - 1 - 2*v**2 + 3*v**2 - 2*v**2 - 3*v. Let k be (-1)/2*-6 - 0. Let f be s(k). Calculate the highest common factor of f and 20.
4
Let c be 1/((-4)/6)*60. Let v be ((-6)/5)/(3/c). Suppose 0 = -k - 5*x + 9, 4*k + x - 21 + 4 = 0. Calculate the greatest common factor of v and k.
4
Let l be 0 + ((-3)/1)/(-3). What is the greatest common factor of 5 and l?
1
Let u(f) = -2*f**3 - 6*f**2 + 7*f + 5. Let r be (-5)/((0 + 1)*1). Let o be u(r). What is the greatest common factor of o and 14?
14
Let g(s) = -4*s**3 + s**2 + 3. Let i be g(-3). Let w(m) = m**2 - 6*m + 4. Let f be w(5). Let 